). What is the greatest common divisor of w and q?
17
Let j(m) = -61*m + 71. Let d be j(-8). Suppose -4*z - d = -17*z. Calculate the highest common divisor of 387 and z.
43
Let d = -3641 - -3849. What is the greatest common divisor of 720 and d?
16
Suppose -4*j = -5*m + 1650, 0 = 69*j - 66*j. What is the greatest common divisor of m and 420?
30
Suppose -12*c + 1551 = 268 - 301. What is the highest common factor of c and 8492?
44
Let c(v) = -9*v**3 - 183*v**2 - 64*v - 19. Let d be c(-20). Calculate the highest common divisor of d and 4392.
61
Suppose 372 = 4*c - 2*b, -3*c = 3*b - b - 272. Let z = 51 + -28. Calculate the greatest common factor of c and z.
23
Let g = 329 + -341. Let j(f) = -f**2 - 14*f + 17. Let i be j(g). Calculate the highest common factor of 369 and i.
41
Let u = -334 + 342. Suppose 0 = -5*s + 25, u*s + 562 = 4*g + 10*s. What is the greatest common divisor of 6 and g?
6
Suppose 35*i - 49302 = 26*i. What is the highest common divisor of 66 and i?
66
Suppose -71*u + 37*u + 287 = -121. Suppose -c = -3*q - 70, 0*q = 3*c - 5*q - 202. Calculate the greatest common factor of u and c.
4
Let f be (3 - -1287)/5 + 5. Suppose f = 8*o + 223. Calculate the highest common divisor of 245 and o.
5
Let l be -1 + -1 - (-706)/1. Suppose -2*k = -756*b + 761*b - 18, -3*k = -4*b - 188. Calculate the highest common divisor of l and k.
44
Let j = -21 + 36. Let m(d) = -213*d + 26115. Let w be m(120). What is the highest common divisor of j and w?
15
Let y = -77 + 88. Let a(h) = h**2 + h. Let i be a(1). Suppose 0*s - w - 44 = -4*s, 0 = -i*s + 2*w + 22. What is the highest common divisor of y and s?
11
Let d = -3055 - -3980. What is the highest common divisor of 74 and d?
37
Suppose 4*q = m - 64, -m + q - 6*q = -73. Suppose 2*k + 3*k = 2*o - 43, -4*o + 4*k = -m. Calculate the highest common factor of 98 and o.
14
Let y(r) = 366*r - 96490. Let b be y(264). Let a(x) = x. Let d be a(2). What is the greatest common factor of b and d?
2
Suppose 6080 = 14*t + 18*t. What is the greatest common factor of 185 and t?
5
Suppose -4*m - 3*c = -261, m + 5*c - 40 - 38 = 0. What is the highest common divisor of 7 and m?
7
Let x = -2722 + 2995. Calculate the highest common divisor of x and 21.
21
Suppose -5*b = 4*d - 407 + 393, -4*d = 36. What is the greatest common divisor of 2215 and b?
5
Let t(y) = y + 8. Let n be t(2). Suppose -9*u + 41 = -n*u. Let w = u + 47. What is the highest common factor of 48 and w?
6
Let o = -246 + 248. Suppose o*m - 10*m = -360. What is the greatest common divisor of m and 81?
9
Let a(i) = -i**2 + 6*i + 4. Let k be a(6). Suppose -2*j = 3*p - 62, 0 = -2*j + 3*p - 22 + 72. Calculate the highest common factor of j and k.
4
Suppose 2*y + 7400 = 24*y - 2*y. What is the greatest common factor of 111 and y?
37
Let o = -23417 + 24329. Calculate the greatest common divisor of 432 and o.
48
Let s(w) = -w**3 - 11*w**2 - 10*w - 15. Let i be s(-8). Let n = i + 295. Calculate the highest common factor of n and 14.
14
Let j(o) = -178*o**2 + 18*o. Let b be j(-1). Let a be (-42)/10 + 4 + b/(-5). What is the highest common divisor of 78 and a?
39
Let o(r) = -9 - 9 - 14 + 3*r + 12*r**2 - 9*r**2. Let b be o(-7). Calculate the greatest common divisor of 47 and b.
47
Suppose -12 - 3 = -p. Suppose 2*j = -11*j + 923. Suppose -64*t - 70 = -j*t. What is the highest common factor of p and t?
5
Suppose o - 631 = 689. Suppose -17*a + 19*a - o = 0. What is the highest common factor of a and 66?
66
Let i = 24 + -19. Let k = i + 9. Let n(j) = j**3 - 13*j**2 - 22*j + 34. Let b be n(15). Calculate the greatest common divisor of b and k.
14
Suppose -9*l = 6*l - 75. Let z be 1450/l - -5 - (-5)/1. What is the highest common divisor of z and 15?
15
Let m be (-21)/14*(-5 + 1). Suppose 3*k + b + 17 = 0, -2*k + m + 6 = -4*b. Let q be 8/k*(0 + -12). Calculate the greatest common factor of 36 and q.
12
Suppose 2702 = 5*f - 32*v + 29*v, -2690 = -5*f + 5*v. What is the highest common factor of 17 and f?
17
Let m = 113 + -111. Suppose m*h + 118 = 2*z - 2*h, -5*z = h - 251. Calculate the highest common factor of 119 and z.
17
Suppose -321*j - 2106 = -15336 - 1536. Calculate the highest common divisor of 146 and j.
2
Suppose 2*y + 10 = o - 25, 5*o - y - 166 = 0. Let l(m) = 2*m - 44. Let d be l(o). Suppose 0*u + 88 = 2*u. What is the highest common divisor of d and u?
22
Suppose 0 = 138*c - 206*c + 1428. Calculate the highest common divisor of 560 and c.
7
Let v = -4 - 28. Let r = 62 + v. Suppose 2*l + 5*d = 74, l - 6*d + 64 = 16. Calculate the greatest common factor of r and l.
6
Let u(i) = -32*i - 167. Suppose -4*y = -3*a + 80, -40*y = -39*y + 2*a + 20. Let h be u(y). What is the greatest common factor of 43 and h?
43
Let f = 38203 - 37931. Calculate the highest common divisor of f and 48.
16
Let u(a) = a**3 - 7*a**2 - 3*a - 12. Let b be u(4). Let k = b + 14. Let r = 68 + k. Calculate the highest common divisor of r and 80.
10
Let i(k) = -k**2 - k + 19. Let z be i(0). Let r(a) = -10*a + 237. Let x be r(18). Calculate the highest common divisor of x and z.
19
Let t be ((-106)/20*5 - -10)/(9/(-276)). Calculate the greatest common divisor of 322 and t.
46
Suppose -8*l = -3*l - 3885. Suppose -2*m - 4*q - 4 = -6, -4*m = -4*q - 40. What is the greatest common factor of m and l?
7
Let y = -59 - -224. Let r be (3 - 33/12)*220. Calculate the greatest common factor of y and r.
55
Let c = 2978 + -2961. What is the greatest common factor of c and 1309?
17
Suppose 278 = 4*u + 2*v, 0 = 5*u + 13*v - 8*v - 355. Calculate the greatest common factor of u and 116.
4
Suppose -24*t - 162 = -30*t. Let b(f) = 2*f + 122. Let i be b(t). Let s be ((-2)/(-3))/((-2)/(-48)). What is the highest common factor of s and i?
16
Let n = -3 + 3. Suppose 0 = 3*s - n*y - 4*y - 85, -4*s = -5*y - 115. Calculate the greatest common divisor of 175 and s.
35
Suppose 0 = 652*p - 682*p + 12000. Calculate the highest common factor of p and 550.
50
Let s(f) = f**2 + 24*f - 10. Let r be -4 - (-6 - -6 - -25). Let w be s(r). Calculate the greatest common divisor of 27 and w.
27
Let f = 15 + -16. Let l be 5/(140/1056)*-7*f. Calculate the greatest common divisor of l and 24.
24
Suppose 9115*l = 9111*l + 352. What is the highest common divisor of 77 and l?
11
Let q be ((-16)/(-10))/(-5*(-6)/75). Let x be (q - 2*-6) + 2. Let h(z) = -2*z**2 + 39*z + 21. Let f be h(x). What is the greatest common factor of f and 15?
15
Let s be -1*(3/9)/((-3)/18). Suppose -m - c - 2*c = 7, s = -m - 2*c. Calculate the highest common divisor of m and 40.
8
Let o be -30*(-3 + 6 + 195/(-25)). Calculate the greatest common factor of 414 and o.
18
Suppose 4*c - 4*z - 660 = 0, -3*c - 3*z = -594 + 153. Calculate the greatest common divisor of 732 and c.
12
Suppose 5*b + 79 = -3*c + 109, 0 = -b - 3. Calculate the highest common factor of c and 1695.
15
Let n = 9901 + -5092. Calculate the highest common factor of 147 and n.
21
Suppose n - 2*k - 1344 = 0, n + 18*k = 16*k + 1360. Calculate the highest common factor of 416 and n.
104
Let q = -94930 + 94954. Let y(p) = -87*p + 8. Let i be y(-6). Suppose -4*n = -i - 238. What is the greatest common divisor of n and q?
24
Let a(r) = -94*r - 2150. Let n be a(-23). What is the highest common divisor of n and 804?
12
Suppose -113 = -3*x - 2*j, x = 4*j + j + 15. Calculate the highest common factor of x and 185.
5
Let c(q) = -122*q - 87. Let y be c(5). Let b = -588 - y. What is the highest common divisor of b and 763?
109
Suppose 129*o = 12739 - 742. Calculate the greatest common factor of o and 1085.
31
Let d(n) = -5*n - 8. Let l be d(9). Let r = l + 55. Suppose -4*j + o + 243 = -9, -2*j + r*o = -126. What is the highest common divisor of 9 and j?
9
Suppose -514*o + 74484 = 495*o + 6881. Let n be (-536)/(-3)*6/4. Calculate the highest common factor of o and n.
67
Let s = 841 - 555. Let d(i) = -345*i + 37282. Let t be d(108). Calculate the highest common divisor of s and t.
22
Let n = 1337 + -577. What is the highest common divisor of 40 and n?
40
Suppose 0 = 408*a - 439*a + 52142. Calculate the highest common factor of a and 928.
58
Suppose -2*f + 252 = -3*d, 2*f + 987*d = 983*d + 252. Let s(a) = -a**3 - 5*a**2 - 6*a - 12. Let k be s(-5). What is the highest common factor of k and f?
18
Let w = 27 - 15. Let u(o) = -o**3 + 1